 0 = -44*v + 41*v + 21. Give r(v).
0
Let g(r) = 19*r**2 + 3*r - 4. Let x be g(3). Let j be (14/4 - 1)/(220/x). Suppose -j*k + k = 5. Let c(t) = -t**3 - 6*t**2 - 5*t - 7. Give c(k).
-7
Suppose 0 = 19*t - 35 - 117. Suppose 2*m + 4 = -w + t, -2 = 4*w + 2*m. Let g(v) = 4*v - 6*v - 3*v - 3. What is g(w)?
7
Let n(t) = -2728*t + 1366*t + 1 + 1365*t - 6. Calculate n(-5).
-20
Let j(n) = -n + 21. Let b be j(9). Let c(t) = -18*t - 12*t - b*t - 2 + 40*t. Give c(-2).
2
Let r(t) = -211*t**2 - 7*t + 63. Let q(b) = -420*b**2 - 13*b + 106. Let m(o) = 3*q(o) - 5*r(o). Calculate m(1).
-206
Let w be -36 + (4 - 4) + 1. Let o = 40 + w. Suppose 3*p - o = 1. Let t(r) = r**3. Calculate t(p).
8
Suppose t - 14 = -864*o + 861*o, 0 = -2*o + 14. Let j(p) = -9*p - p**2 + 2 + 4 + 2. What is j(t)?
22
Suppose -1910*i + 1912*i - 26 = 5*u, -4*u = -i + 25. Let l(b) = -b**3 - 9*b**2 - 8*b + 20. Give l(u).
20
Let o(d) = -31*d - 117. Let w be o(-4). Let k(t) = -1 - 11*t - 4 - 3 + 2 + w. Calculate k(2).
-21
Let l(h) be the third derivative of h**8/3360 - h**7/504 - h**6/144 + h**5/24 + 13*h**4/3 + 105*h**2 - 1. Let f(x) be the second derivative of l(x). Give f(4).
33
Suppose -3*w - 39 - 20 = 5*r, -4*w + r - 117 = 0. Let h(b) = b**3 + 28*b**2 - 2. Let g be h(w). Let k(f) = -3*f - 1. Give k(g).
5
Let q(h) = 8*h + 3. Let m(f) = 3 + 52*f - 96*f + 53*f. Let k(c) = -3*m(c) + 4*q(c). What is k(-3)?
-12
Let l(g) = g**3 + 11*g**2 - 10*g + 10. Let j = 27073 + -27085. Give l(j).
-14
Let p(c) = -54*c + 12. Let m(h) = -40*h + 20 - 14 + 15*h. Let z(j) = -13*m(j) + 6*p(j). Give z(13).
7
Suppose 139*a - 929 - 1291 = -9*a. Let q(u) = -2*u**2 + 23*u + 19. Give q(a).
-86
Let s(o) = -167*o + 662. Let i be s(4). Let w(x) = -12*x - 51. Give w(i).
21
Let q(u) be the second derivative of -u**3 + 8*u**2 - 2*u + 366. Calculate q(2).
4
Let t(s) = -s**3 - 4*s**2 + 2*s + 4. Let z(v) = 17*v**2 - 2*v + 2. Let f be z(1). Let c = 16 - f. Let a be (3 - (5 + 3)) + (0 - c). Give t(a).
-4
Let k(z) be the second derivative of z**3/3 - 24*z**2 + 17456*z + 9. Let s = 14 - -7. Give k(s).
-6
Suppose 2*b = 45 - 59. Let h = 0 + 4. Let s(f) = 12*f + 1 - 5 - h*f - 3*f**2 + 4*f**2. Calculate s(b).
-11
Let k be ((-7 + 5 + -7)/((-2)/(-4)))/(-3). Let h(i) = -4*i**2 + 21*i + 11. What is h(k)?
-7
Let c(f) = -f**3 + 5*f**2 - 3*f + 4. Let d(z) = -z**3 - 5*z**2 - 9*z - 15. Let o(x) = x**2 + 17*x + 66. Let t be o(-7). Let m be d(t). Give c(m).
-11
Let c(n) = 7*n**3 + 1. Let b be c(1). Let x(y) be the first derivative of -y**4/4 + 3*y**3 - 7*y**2/2 - 3*y + 303. Calculate x(b).
5
Let r(h) be the first derivative of -h**3/3 - 11*h**2 - 115*h - 103. Let m be r(-12). Let p(q) = q**3 - 4*q**2 - 3*q + 3. Calculate p(m).
13
Let s(g) = 44*g + 2 - 1 - 43*g. Give s(-5).
-4
Let i = -34 - 7. Let u = i - -47. Let s(h) = -6*h + 15*h + 2 - 6*h - u. Give s(3).
5
Let h(z) = 0*z + 1 - 55*z**3 + 54*z**3 - 2*z**2 + 0*z. Let b(a) = 2*a**3 + 11*a**2 - 4*a + 2. Let c(f) = b(f) + 3*h(f). Calculate c(4).
5
Let q(x) = -x**3 - 19*x**2 - 19*x - 19. Let u = -377 - -359. Give q(u).
-1
Let t(j) = 21 + 0*j**3 + j**3 - 27*j + 39 - 3 + 28*j**2. Determine t(-29).
-1
Let o = 153 - 1835/12. Let u(a) be the second derivative of -5*a**2 + 0 - o*a**4 - 12*a - 4/3*a**3. Determine u(-7).
-3
Let v(t) = 2*t - 34. Suppose 93*d - 94*d + 1 = 0, -4*d + 84 = 4*g. What is v(g)?
6
Let o(p) = 34*p**3 - 85*p**2 - 6*p + 97. Let h(r) = 9*r**3 - 22*r**2 - 2*r + 24. Let n(s) = 15*h(s) - 4*o(s). Calculate n(9).
-1
Let z(v) be the first derivative of v**5/20 - 5*v**4/12 + 5*v**3/6 + 32*v + 98. Let b(g) be the first derivative of z(g). Let a = -28 - -32. What is b(a)?
4
Let b be ((-15)/6 - -1)*11050/975. Let l(g) = g**3 + 18*g**2 + 13*g + 25. Give l(b).
93
Let x(q) be the first derivative of -q**3/3 - 13*q**2 + 3*q + 8229. Give x(-25).
28
Let k(s) = 16*s**3 - s**2 - s + 1. Let r be 2*(9/(-18) + 114/4). Let x be 176/r - 2/14. Suppose x*f = -t + 4*f - 4, -3*t - 2*f + 13 = 0. Calculate k(t).
15
Suppose -2*f + 126 = -5*r - 18, -r - 406 = -5*f. Suppose 79*k - f*k + 18 = 0. Let n(s) = -s**3 + 6*s**2 - s + 11. Determine n(k).
5
Let d be (-1)/13 + 15210/(-2197). Let f(v) = -3*v**2 - 50*v - 215. Give f(d).
-12
Let j(q) be the first derivative of q**4/4 + 10*q**3/3 - 11*q**2/2 - 6*q - 11. Let a be ((-11)/(-3))/((-8 - -5)/9). Determine j(a).
-6
Let u(c) = -4*c - 1. Let l(f) = -f - 1. Let b(a) = -5*l(a) + u(a). Let q(d) = d - 9. Let g be q(9). Let r be -1 + (0 - 6 - g). Determine b(r).
-3
Let q(b) = 3*b**2 - 4*b - 7. Let x(g) = -14*g**2 + g + 28. Let t(u) = -13*u**2 + 2*u + 26. Let a(h) = 7*t(h) - 6*x(h). Let m(l) = 2*a(l) + 5*q(l). What is m(6)?
5
Let y(t) = 2 + 68*t**2 + 2 + 7*t - 69*t**2. Let l be (-6 - (2 - 13)) + 1*3. What is y(l)?
-4
Let t(c) be the second derivative of -c**6/120 - c**5/12 - 5*c**3/6 - 301*c**2/2 - c - 88. Let y(s) be the first derivative of t(s). What is y(-5)?
-5
Let q be (-2*(-2)/(-4))/(-1). Suppose -j - 4*y - q = -3*y, 3*y = -5*j - 3. Let z be (42/(-210))/((-2)/10 - j). Let r(p) = 7*p - 1. What is r(z)?
6
Let r(b) = 11*b + 4. Suppose 0 = s + 5*j - 5 - 9, 2*s - 4*j = -28. Calculate r(s).
-62
Suppose -9 = -4*s - d - 26, -4*s + 8 = -4*d. Let y(f) = 4*f**3 - 3*f**2 + f + 7. Determine y(s).
-131
Let f be (-1496)/(-187) + (-14 - 0). Let t(j) = -j**3 - 8*j**2 - j - 3. Determine t(f).
-69
Let u(k) = 193*k - 7 - 519*k + 170*k - 1 + 182*k. What is u(-4)?
-112
Let p(l) = 8*l**2 - 132 + 26*l + 10*l**2 + 118 - l**3 - 24*l - 6*l**2. What is p(12)?
10
Let z(m) = 19*m - 1. Let i(v) = v**3 + 12*v**2 + 33*v - 13. Let d(w) = -17*w - 24. Let c be d(-1). Let o be i(c). Calculate z(o).
18
Let u(i) = i - 2. Let j = -89 + 53. Let c = j + 54. Suppose 0 = -2*x + 8 - c. Calculate u(x).
-7
Suppose -2*b - 5*l - 273 + 76 = 0, -3*b = -l + 304. Let k = -96 - b. Let j(t) = t**2 - 11*t - 1. Give j(k).
-31
Let c(g) = 24*g + 31*g + 1 + 24*g - g**2 - 78*g. Let q(r) = 5*r**2 - 2 + 4 + 0*r**2. Let h(j) = -4*c(j) - q(j). What is h(-5)?
-11
Suppose 0*g = 4*g + 4*f + 112, 4*f + 80 = -3*g. Let q = 36 + g. Let a(i) = -6*i**3 + 4*i**3 + 6*i + 2*i**2 + 2 - 4 + i**3. Give a(q).
-10
Let w(l) = -l**3 - 17*l**2 - l + 38. Suppose 70*b - 3*u = 69*b - 23, 2*b + 36 = u. Calculate w(b).
55
Let s(w) = 2*w**2 + 31*w - 64. Let g(q) = -2*q**2 - 31*q + 80. Let b(l) = -3*g(l) - 4*s(l). What is b(-14)?
58
Let s(d) = d + 2. Let f = 352 + -250. Let j = 108 - f. Determine s(j).
8
Let x(v) = v**2 + 17*v + 7. Let u = 6154 + -6170. Determine x(u).
-9
Suppose 0 = 5*x + 2*n - 13 - 42, -n + 44 = 4*x. Let z(j) = -5*j - 1. Let q(u) = 11*u + 2. Let h(y) = 6*q(y) + 13*z(y). Determine h(x).
10
Suppose 0 = 16*n - 21*n + 3040. Suppose 2*b - 604 = -n. Let m(d) = d**2 + 3*d - 1. Give m(b).
-3
Let t(c) = c - 5. Let i be 2/(-6) + (-40)/6. Let u(d) = -d + 5. Let m(x) = i*t(x) - 6*u(x). Suppose 0 = -416*f - 770*f - 9*f. Calculate m(f).
5
Let y(j) = j**2 - 9*j + 18. Let x = 4695 + -4686. What is y(x)?
18
Let g(j) = -10*j + 1. Let u(b) = -56*b - 1. Let z(c) = 6*g(c) - u(c). Let y(v) = -v - 2. Let a be y(-8). Give z(a).
-17
Let x(y) = 2*y + 6. Let f = 23 - 13. Let m(j) = -3 + 8 - 501008*j + 501007*j. Let z be m(f). Determine x(z).
-4
Let o(g) = -4 - 1 - 4*g - g**2 + 2. Let h = 14475 + -14478. Calculate o(h).
0
Let v(z) be the second derivative of z**6/720 + 7*z**5/120 + 3*z**4/4 + z**2/2 - 13*z. Let b(j) be the third derivative of v(j). What is b(6)?
13
Let k(t) be the third derivative of -2*t**6/15 + t**5/30 + t**4/24 - 9*t**2 + 6*t. Let l = -30 - -29. Determine k(l).
17
Suppose -5*a = -13 - 22. Let m(d) = 3*d + 11. Let o(j) = 6*j + 21. Let y(q) = a*m(q) - 4*o(q). Let r = -21 + 15. Give y(r).
11
Let j(z) be the third derivative of -z**7/5040 - z**6/240 - z**5/15 + z**4/4 - z**2 + 14. Let d(a) be the third derivative of j(a). What is d(4)?
-7
Let t(a) = a**3 + 30*a**2 + 199*a - 190. Let u be t(-19). Let n(i) = 7*i + 63. Give n(u).
63
Suppose 3*m - 7*m + 87 = -3*u, 6*m + 2*u = 98. Let i(s) = -s + 42. What is i(m)?
24
Let c(p) be the second derivative of -p**5/20 - p**4/4 - p**3/3 - 3*p**2/2 + 3*p. Suppose -4*t + 14 = 20*k - 23*k, -16 = 4*k - 4*t. Calculate c(k).
-3
Let m(g) be the second derivative of -3*g**5/10 - g**4/6 - 5*g**3/6 - 5*g**2/2 - g - 291. Determine m(-2).
45
Let v(t) = -6*t - t**3 - 5*t**2 + 1 + 3*t**3 + 0 - 3*t**3. Let x = 17287 + -17290. Give v(x).